{"id":20,"date":"2026-01-06T16:43:27","date_gmt":"2026-01-06T16:43:27","guid":{"rendered":"https:\/\/milennialsdigital.com.br\/litee\/?page_id=20"},"modified":"2026-01-06T16:45:13","modified_gmt":"2026-01-06T16:45:13","slug":"formulario","status":"publish","type":"page","link":"https:\/\/milennialsdigital.com.br\/litee\/formulario\/","title":{"rendered":"formulario"},"content":{"rendered":"\t\t<div data-elementor-type=\"wp-page\" data-elementor-id=\"20\" class=\"elementor elementor-20\" data-elementor-post-type=\"page\">\n\t\t\t\t<div class=\"elementor-element elementor-element-ea6f5d2 foto e-flex e-con-boxed e-con e-parent\" data-id=\"ea6f5d2\" data-element_type=\"container\" data-e-type=\"container\" data-settings=\"{&quot;background_background&quot;:&quot;slideshow&quot;,&quot;background_slideshow_gallery&quot;:[{&quot;id&quot;:&quot;13&quot;,&quot;url&quot;:&quot;https:\\\/\\\/milennialsdigital.com.br\\\/litee\\\/wp-content\\\/uploads\\\/2026\\\/01\\\/IMG_5519-scaled-1.jpg&quot;},{&quot;id&quot;:&quot;14&quot;,&quot;url&quot;:&quot;https:\\\/\\\/milennialsdigital.com.br\\\/litee\\\/wp-content\\\/uploads\\\/2026\\\/01\\\/IMG_6426.jpg&quot;},{&quot;id&quot;:&quot;15&quot;,&quot;url&quot;:&quot;https:\\\/\\\/milennialsdigital.com.br\\\/litee\\\/wp-content\\\/uploads\\\/2026\\\/01\\\/Creatina_9-scaled-1.jpg&quot;},{&quot;id&quot;:&quot;16&quot;,&quot;url&quot;:&quot;https:\\\/\\\/milennialsdigital.com.br\\\/litee\\\/wp-content\\\/uploads\\\/2026\\\/01\\\/DSC_0595-scaled-1.jpg&quot;}],&quot;background_slideshow_ken_burns&quot;:&quot;yes&quot;,&quot;background_slideshow_loop&quot;:&quot;yes&quot;,&quot;background_slideshow_slide_duration&quot;:5000,&quot;background_slideshow_slide_transition&quot;:&quot;fade&quot;,&quot;background_slideshow_transition_duration&quot;:500,&quot;background_slideshow_ken_burns_zoom_direction&quot;:&quot;in&quot;}\">\n\t\t\t\t\t<div class=\"e-con-inner\">\n\t\t<div class=\"elementor-element elementor-element-46b4354 e-con-full scroll-bottom e-flex e-con e-child\" data-id=\"46b4354\" data-element_type=\"container\" data-e-type=\"container\" data-settings=\"{&quot;motion_fx_motion_fx_mouse&quot;:&quot;yes&quot;,&quot;motion_fx_tilt_effect&quot;:&quot;yes&quot;,&quot;motion_fx_tilt_speed&quot;:{&quot;unit&quot;:&quot;px&quot;,&quot;size&quot;:0.7,&quot;sizes&quot;:[]}}\">\n\t\t\t\t<div class=\"elementor-element elementor-element-f844a2a elementor-widget elementor-widget-image\" data-id=\"f844a2a\" data-element_type=\"widget\" data-e-type=\"widget\" data-widget_type=\"image.default\">\n\t\t\t\t\t\t\t\t\t\t\t\t\t\t\t<img fetchpriority=\"high\" decoding=\"async\" width=\"1024\" height=\"1024\" src=\"https:\/\/milennialsdigital.com.br\/litee\/wp-content\/uploads\/2026\/01\/logotipo-somente-nome-litee-1024x1024.png\" class=\"attachment-large size-large wp-image-12\" alt=\"\" srcset=\"https:\/\/milennialsdigital.com.br\/litee\/wp-content\/uploads\/2026\/01\/logotipo-somente-nome-litee-1024x1024.png 1024w, https:\/\/milennialsdigital.com.br\/litee\/wp-content\/uploads\/2026\/01\/logotipo-somente-nome-litee-300x300.png 300w, https:\/\/milennialsdigital.com.br\/litee\/wp-content\/uploads\/2026\/01\/logotipo-somente-nome-litee-150x150.png 150w, https:\/\/milennialsdigital.com.br\/litee\/wp-content\/uploads\/2026\/01\/logotipo-somente-nome-litee-768x768.png 768w, https:\/\/milennialsdigital.com.br\/litee\/wp-content\/uploads\/2026\/01\/logotipo-somente-nome-litee.png 1080w\" sizes=\"(max-width: 1024px) 100vw, 1024px\" \/>\t\t\t\t\t\t\t\t\t\t\t\t\t\t\t<\/div>\n\t\t\t\t<div class=\"elementor-element elementor-element-e937b0a elementor-widget elementor-widget-icon-box\" data-id=\"e937b0a\" data-element_type=\"widget\" data-e-type=\"widget\" data-widget_type=\"icon-box.default\">\n\t\t\t\t\t\t\t<div class=\"elementor-icon-box-wrapper\">\n\n\t\t\t\n\t\t\t\t\t\t<div class=\"elementor-icon-box-content\">\n\n\t\t\t\t\t\t\t\t\t<h3 class=\"elementor-icon-box-title\">\n\t\t\t\t\t\t<span  >\n\t\t\t\t\t\t\tEm at\u00e9 5 minutos, um dos nossos especialistas Litte entrar\u00e1 em contato diretamente com voc\u00ea.\t\t\t\t\t\t<\/span>\n\t\t\t\t\t<\/h3>\n\t\t\t\t\n\t\t\t\t\n\t\t\t<\/div>\n\t\t\t\n\t\t<\/div>\n\t\t\t\t\t\t<\/div>\n\t\t\t\t<div class=\"elementor-element elementor-element-abdae97 elementor-button-align-stretch elementor-widget elementor-widget-form\" data-id=\"abdae97\" data-element_type=\"widget\" data-e-type=\"widget\" data-settings=\"{&quot;step_next_label&quot;:&quot;Pr\\u00f3ximo&quot;,&quot;step_previous_label&quot;:&quot;Voltar&quot;,&quot;button_width&quot;:&quot;100&quot;,&quot;step_type&quot;:&quot;number_text&quot;,&quot;step_icon_shape&quot;:&quot;circle&quot;}\" data-widget_type=\"form.default\">\n\t\t\t\t\t\t\t<form class=\"elementor-form\" method=\"post\" name=\"LeedsCalendly\">\n\t\t\t<input type=\"hidden\" name=\"post_id\" value=\"20\"\/>\n\t\t\t<input type=\"hidden\" name=\"form_id\" value=\"abdae97\"\/>\n\t\t\t<input type=\"hidden\" name=\"referer_title\" value=\"formulario\" \/>\n\n\t\t\t\t\t\t\t<input type=\"hidden\" name=\"queried_id\" value=\"20\"\/>\n\t\t\t\n\t\t\t<div class=\"elementor-form-fields-wrapper elementor-labels-above\">\n\t\t\t\t\t\t\t\t<div class=\"elementor-field-type-step elementor-field-group elementor-column elementor-field-group-field_4f23473 elementor-col-100\">\n\t\t\t\t\t\t\t<div class=\"e-field-step elementor-hidden\" data-label=\"\" data-previousButton=\"\" data-nextButton=\"\" data-iconUrl=\"\" data-iconLibrary=\"fas fa-star\" data-icon=\"&lt;svg class=&quot;e-font-icon-svg e-fas-star&quot; viewBox=&quot;0 0 576 512&quot; xmlns=&quot;http:\/\/www.w3.org\/2000\/svg&quot;&gt;&lt;path d=&quot;M259.3 17.8L194 150.2 47.9 171.5c-26.2 3.8-36.7 36.1-17.7 54.6l105.7 103-25 145.5c-4.5 26.3 23.2 46 46.4 33.7L288 439.6l130.7 68.7c23.2 12.2 50.9-7.4 46.4-33.7l-25-145.5 105.7-103c19-18.5 8.5-50.8-17.7-54.6L382 150.2 316.7 17.8c-11.7-23.6-45.6-23.9-57.4 0z&quot;&gt;&lt;\/path&gt;&lt;\/svg&gt;\" ><\/div>\n\n\t\t\t\t\t\t<\/div>\n\t\t\t\t\t\t\t\t<div class=\"elementor-field-type-text elementor-field-group elementor-column elementor-field-group-field_f1350d1 elementor-col-100 elementor-field-required\">\n\t\t\t\t\t\t\t\t\t\t\t\t<label for=\"form-field-field_f1350d1\" class=\"elementor-field-label\">\n\t\t\t\t\t\t\t\tSeu nome:\t\t\t\t\t\t\t<\/label>\n\t\t\t\t\t\t\t\t\t\t\t\t\t\t<input size=\"1\" type=\"text\" name=\"form_fields[field_f1350d1]\" id=\"form-field-field_f1350d1\" class=\"elementor-field elementor-size-sm  elementor-field-textual\" placeholder=\"Nome\" required=\"required\">\n\t\t\t\t\t\t\t\t\t\t\t<\/div>\n\t\t\t\t\t\t\t\t<div class=\"elementor-field-type-tel elementor-field-group elementor-column elementor-field-group-field_2896d81 elementor-col-100 elementor-field-required\">\n\t\t\t\t\t\t\t\t\t\t\t\t<label for=\"form-field-field_2896d81\" class=\"elementor-field-label\">\n\t\t\t\t\t\t\t\tSeu telefone:\t\t\t\t\t\t\t<\/label>\n\t\t\t\t\t\t\t\t<input size=\"1\" type=\"tel\" name=\"form_fields[field_2896d81]\" id=\"form-field-field_2896d81\" class=\"elementor-field elementor-size-sm  elementor-field-textual\" placeholder=\"(55) 555555555\" required=\"required\" pattern=\"[0-9()#&amp;+*-=.]+\" title=\"Only numbers and phone characters (#, -, *, etc) are accepted.\">\n\n\t\t\t\t\t\t<\/div>\n\t\t\t\t\t\t\t\t<div class=\"elementor-field-type-email elementor-field-group elementor-column elementor-field-group-field_e01481c elementor-col-100 elementor-field-required\">\n\t\t\t\t\t\t\t\t\t\t\t\t<label for=\"form-field-field_e01481c\" class=\"elementor-field-label\">\n\t\t\t\t\t\t\t\tSeu email:\t\t\t\t\t\t\t<\/label>\n\t\t\t\t\t\t\t\t\t\t\t\t\t\t<input size=\"1\" type=\"email\" name=\"form_fields[field_e01481c]\" id=\"form-field-field_e01481c\" class=\"elementor-field elementor-size-sm  elementor-field-textual\" placeholder=\"email@email.com\" required=\"required\">\n\t\t\t\t\t\t\t\t\t\t\t<\/div>\n\t\t\t\t\t\t\t\t<div class=\"elementor-field-type-step elementor-field-group elementor-column elementor-field-group-field_8723bff elementor-col-100\">\n\t\t\t\t\t\t\t<div class=\"e-field-step elementor-hidden\" data-label=\"\" data-previousButton=\"\" data-nextButton=\"\" data-iconUrl=\"\" data-iconLibrary=\"fas fa-star\" data-icon=\"&lt;svg class=&quot;e-font-icon-svg e-fas-star&quot; viewBox=&quot;0 0 576 512&quot; xmlns=&quot;http:\/\/www.w3.org\/2000\/svg&quot;&gt;&lt;path d=&quot;M259.3 17.8L194 150.2 47.9 171.5c-26.2 3.8-36.7 36.1-17.7 54.6l105.7 103-25 145.5c-4.5 26.3 23.2 46 46.4 33.7L288 439.6l130.7 68.7c23.2 12.2 50.9-7.4 46.4-33.7l-25-145.5 105.7-103c19-18.5 8.5-50.8-17.7-54.6L382 150.2 316.7 17.8c-11.7-23.6-45.6-23.9-57.4 0z&quot;&gt;&lt;\/path&gt;&lt;\/svg&gt;\" ><\/div>\n\n\t\t\t\t\t\t<\/div>\n\t\t\t\t\t\t\t\t<div class=\"elementor-field-type-radio elementor-field-group elementor-column elementor-field-group-field_57a360a elementor-col-100 elementor-field-required\">\n\t\t\t\t\t\t\t\t\t\t\t\t<label for=\"form-field-field_57a360a\" class=\"elementor-field-label\">\n\t\t\t\t\t\t\t\tVoc\u00ea j\u00e1 vende suplementos no seu neg\u00f3cio?\t\t\t\t\t\t\t<\/label>\n\t\t\t\t\t\t<div class=\"elementor-field-subgroup  \"><span class=\"elementor-field-option\"><input type=\"radio\" value=\"Sim\" id=\"form-field-field_57a360a-0\" name=\"form_fields[field_57a360a]\" required=\"required\"> <label for=\"form-field-field_57a360a-0\">Sim<\/label><\/span><span class=\"elementor-field-option\"><input type=\"radio\" value=\"N\u00e3o\" id=\"form-field-field_57a360a-1\" name=\"form_fields[field_57a360a]\" required=\"required\"> <label for=\"form-field-field_57a360a-1\">N\u00e3o<\/label><\/span><span class=\"elementor-field-option\"><input type=\"radio\" value=\"Ainda n\u00e3o vendo mas estou buscando um parceiro\" id=\"form-field-field_57a360a-2\" name=\"form_fields[field_57a360a]\" required=\"required\"> <label for=\"form-field-field_57a360a-2\">Ainda n\u00e3o vendo mas estou buscando um parceiro<\/label><\/span><\/div>\t\t\t\t<\/div>\n\t\t\t\t\t\t\t\t<div class=\"elementor-field-type-radio elementor-field-group elementor-column elementor-field-group-field_10d4f1b elementor-col-100 elementor-field-required\">\n\t\t\t\t\t\t\t\t\t\t\t\t<label for=\"form-field-field_10d4f1b\" class=\"elementor-field-label\">\n\t\t\t\t\t\t\t\tCom que frequ\u00eancia voc\u00ea compra para reabastecer seu estoque de produtos?\t\t\t\t\t\t\t<\/label>\n\t\t\t\t\t\t<div class=\"elementor-field-subgroup  \"><span class=\"elementor-field-option\"><input type=\"radio\" value=\"Semanal\" id=\"form-field-field_10d4f1b-0\" name=\"form_fields[field_10d4f1b]\" required=\"required\"> <label for=\"form-field-field_10d4f1b-0\">Semanal<\/label><\/span><span class=\"elementor-field-option\"><input type=\"radio\" value=\"Quinzenal\" id=\"form-field-field_10d4f1b-1\" name=\"form_fields[field_10d4f1b]\" required=\"required\"> <label for=\"form-field-field_10d4f1b-1\">Quinzenal<\/label><\/span><span class=\"elementor-field-option\"><input type=\"radio\" value=\"Mensal\" id=\"form-field-field_10d4f1b-2\" name=\"form_fields[field_10d4f1b]\" required=\"required\"> <label for=\"form-field-field_10d4f1b-2\">Mensal<\/label><\/span><span class=\"elementor-field-option\"><input type=\"radio\" value=\"Apenas quando acaba\" id=\"form-field-field_10d4f1b-3\" name=\"form_fields[field_10d4f1b]\" required=\"required\"> <label for=\"form-field-field_10d4f1b-3\">Apenas quando acaba<\/label><\/span><\/div>\t\t\t\t<\/div>\n\t\t\t\t\t\t\t\t<div class=\"elementor-field-type-step elementor-field-group elementor-column elementor-field-group-field_6f7f866 elementor-col-100\">\n\t\t\t\t\t\t\t<div class=\"e-field-step elementor-hidden\" data-label=\"\" data-previousButton=\"\" data-nextButton=\"\" data-iconUrl=\"\" data-iconLibrary=\"fas fa-star\" data-icon=\"&lt;svg class=&quot;e-font-icon-svg e-fas-star&quot; viewBox=&quot;0 0 576 512&quot; xmlns=&quot;http:\/\/www.w3.org\/2000\/svg&quot;&gt;&lt;path d=&quot;M259.3 17.8L194 150.2 47.9 171.5c-26.2 3.8-36.7 36.1-17.7 54.6l105.7 103-25 145.5c-4.5 26.3 23.2 46 46.4 33.7L288 439.6l130.7 68.7c23.2 12.2 50.9-7.4 46.4-33.7l-25-145.5 105.7-103c19-18.5 8.5-50.8-17.7-54.6L382 150.2 316.7 17.8c-11.7-23.6-45.6-23.9-57.4 0z&quot;&gt;&lt;\/path&gt;&lt;\/svg&gt;\" ><\/div>\n\n\t\t\t\t\t\t<\/div>\n\t\t\t\t\t\t\t\t<div class=\"elementor-field-type-text elementor-field-group elementor-column elementor-field-group-field_d49ce69 elementor-col-100 elementor-field-required\">\n\t\t\t\t\t\t\t\t\t\t\t\t<label for=\"form-field-field_d49ce69\" class=\"elementor-field-label\">\n\t\t\t\t\t\t\t\tQual seu CNPJ?\t\t\t\t\t\t\t<\/label>\n\t\t\t\t\t\t\t\t\t\t\t\t\t\t<input size=\"1\" type=\"text\" name=\"form_fields[field_d49ce69]\" id=\"form-field-field_d49ce69\" class=\"elementor-field elementor-size-sm  elementor-field-textual\" placeholder=\"CNPJ\" required=\"required\">\n\t\t\t\t\t\t\t\t\t\t\t<\/div>\n\t\t\t\t\t\t\t\t<div class=\"elementor-field-type-radio elementor-field-group elementor-column elementor-field-group-field_0780e8f elementor-col-100 elementor-field-required\">\n\t\t\t\t\t\t\t\t\t\t\t\t<label for=\"form-field-field_0780e8f\" class=\"elementor-field-label\">\n\t\t\t\t\t\t\t\tQual a sua maior dificuldade em achar um parceiro de suplementos?\t\t\t\t\t\t\t<\/label>\n\t\t\t\t\t\t<div class=\"elementor-field-subgroup  \"><span class=\"elementor-field-option\"><input type=\"radio\" value=\"Pre\u00e7o competitivo\" id=\"form-field-field_0780e8f-0\" name=\"form_fields[field_0780e8f]\" required=\"required\"> <label for=\"form-field-field_0780e8f-0\">Pre\u00e7o competitivo<\/label><\/span><span class=\"elementor-field-option\"><input type=\"radio\" value=\"Qualidade do Produto\" id=\"form-field-field_0780e8f-1\" name=\"form_fields[field_0780e8f]\" required=\"required\"> <label for=\"form-field-field_0780e8f-1\">Qualidade do Produto<\/label><\/span><span class=\"elementor-field-option\"><input type=\"radio\" value=\"P\u00f3s Venda de qualidade\" id=\"form-field-field_0780e8f-2\" name=\"form_fields[field_0780e8f]\" required=\"required\"> <label for=\"form-field-field_0780e8f-2\">P\u00f3s Venda de qualidade<\/label><\/span><span class=\"elementor-field-option\"><input type=\"radio\" value=\"Tempo de entrega dos Produtos\" id=\"form-field-field_0780e8f-3\" name=\"form_fields[field_0780e8f]\" required=\"required\"> <label for=\"form-field-field_0780e8f-3\">Tempo de entrega dos Produtos<\/label><\/span><span class=\"elementor-field-option\"><input type=\"radio\" value=\"Outros\u2026\" id=\"form-field-field_0780e8f-4\" name=\"form_fields[field_0780e8f]\" required=\"required\"> <label for=\"form-field-field_0780e8f-4\">Outros\u2026<\/label><\/span><\/div>\t\t\t\t<\/div>\n\t\t\t\t\t\t\t\t<div class=\"elementor-field-group elementor-column elementor-field-type-submit elementor-col-100 e-form__buttons\">\n\t\t\t\t\t<button class=\"elementor-button elementor-size-sm\" type=\"submit\">\n\t\t\t\t\t\t<span class=\"elementor-button-content-wrapper\">\n\t\t\t\t\t\t\t\t\t\t\t\t\t\t\t\t\t\t\t\t\t\t<span class=\"elementor-button-text\">Enviar<\/span>\n\t\t\t\t\t\t\t\t\t\t\t\t\t<\/span>\n\t\t\t\t\t<\/button>\n\t\t\t\t<\/div>\n\t\t\t<\/div>\n\t\t<\/form>\n\t\t\t\t\t\t<\/div>\n\t\t\t\t<\/div>\n\t\t\t\t\t<\/div>\n\t\t\t\t<\/div>\n\t\t\t\t<\/div>\n\t\t","protected":false},"excerpt":{"rendered":"<p>Em at\u00e9 5 minutos, um dos nossos especialistas Litte entrar\u00e1 em contato diretamente com voc\u00ea.<\/p>\n","protected":false},"author":1,"featured_media":0,"parent":0,"menu_order":0,"comment_status":"closed","ping_status":"closed","template":"elementor_canvas","meta":{"footnotes":""},"class_list":["post-20","page","type-page","status-publish","hentry"],"_hostinger_reach_plugin_has_subscription_block":false,"_hostinger_reach_plugin_is_elementor":false,"_links":{"self":[{"href":"https:\/\/milennialsdigital.com.br\/litee\/wp-json\/wp\/v2\/pages\/20","targetHints":{"allow":["GET"]}}],"collection":[{"href":"https:\/\/milennialsdigital.com.br\/litee\/wp-json\/wp\/v2\/pages"}],"about":[{"href":"https:\/\/milennialsdigital.com.br\/litee\/wp-json\/wp\/v2\/types\/page"}],"author":[{"embeddable":true,"href":"https:\/\/milennialsdigital.com.br\/litee\/wp-json\/wp\/v2\/users\/1"}],"replies":[{"embeddable":true,"href":"https:\/\/milennialsdigital.com.br\/litee\/wp-json\/wp\/v2\/comments?post=20"}],"version-history":[{"count":7,"href":"https:\/\/milennialsdigital.com.br\/litee\/wp-json\/wp\/v2\/pages\/20\/revisions"}],"predecessor-version":[{"id":35,"href":"https:\/\/milennialsdigital.com.br\/litee\/wp-json\/wp\/v2\/pages\/20\/revisions\/35"}],"wp:attachment":[{"href":"https:\/\/milennialsdigital.com.br\/litee\/wp-json\/wp\/v2\/media?parent=20"}],"curies":[{"name":"wp","href":"https:\/\/api.w.org\/{rel}","templated":true}]}}